w*o = 39. What is the units digit of p?
9
Suppose 0 = 5*c - 10, 0 = -5*i + i - 3*c - 46. Let u = i - -13. What is the units digit of (-11)/11*(-1 + u)?
1
Let o(c) = -c**2 - 12*c - 18. Let d be o(-9). What is the hundreds digit of (22*d + 5)/1?
2
Let l = 9 + -11. Let h = l - -26. Suppose -2*k = -6*k + h. What is the units digit of k?
6
Let n(c) = c**2 - 2*c + 27. What is the hundreds digit of n(-12)?
1
What is the tens digit of 450/(-4*24/(-128))?
0
Let z(r) = 3*r + 7*r**2 + 3*r - 3*r - 2. Suppose -13*v = -12 - 14. What is the units digit of z(v)?
2
Let w = -209 + 669. What is the tens digit of w?
6
Let n(j) = 43*j**3 + j**2 - 17*j + 6. What is the tens digit of n(3)?
2
Suppose 5*l + 3*o - 7*o = -6, -l = -2*o. Let q be 21/(-2 + -1)*l. Let z = q - 1. What is the units digit of z?
3
Suppose 75*j + 61488 = 91*j. What is the tens digit of j?
4
Let a(s) = -5*s**2 + 4*s - 11. Let g(w) = -14*w**2 + 12*w - 33. Let z(n) = 11*a(n) - 4*g(n). Let p = 37 - 31. What is the units digit of z(p)?
3
Suppose 12 + 13 = t. Suppose a - t - 45 = 0. What is the tens digit of a?
7
Suppose 5*u - 451 = -2*x, 5*x + 2*u - 1075 = -0*x. What is the tens digit of x?
1
Let m = -23 - -26. Suppose -m*n - 2*f + 42 = 2*n, 4*n - 36 = -4*f. What is the units digit of n?
8
Let k(h) = 37*h - 45. Let q be k(-7). Let w = q - -569. What is the tens digit of w?
6
Suppose 3*u - 432 = -2*r - 2*u, -1146 = -5*r + 4*u. Let a = r - 134. What is the units digit of a?
2
Suppose -4396 = -30*d + 75314. What is the units digit of d?
7
Let r(d) = -d**2 + 5*d - 1. Let y be r(4). Suppose 0 = k - 5 + y. Suppose 0 = g - k*g + 11. What is the tens digit of g?
1
Suppose 0 = 3*w, -3*w - 9 = z - 366. What is the hundreds digit of z?
3
Let p(v) = -v + 17. Let l be p(12). Suppose 69 = l*o - 76. What is the tens digit of o?
2
Let x(q) = 18*q + 36. What is the tens digit of x(10)?
1
Let z be ((-6*1)/1)/(-2). Suppose 0 = 3*c + z*c - 90. What is the tens digit of c?
1
Let i = -9 + 6. Let d be (-24)/(7/(-2) - i). Suppose 3*c + c = 3*p + 82, 2*c = -2*p + d. What is the tens digit of c?
2
Suppose 0*p - 15 = -3*p. Suppose u = -0*m + 5*m - 497, p*u + 10 = 0. What is the units digit of m?
9
Suppose 4445 = 34*m - 29*m. Suppose 3*a - 155 = m. What is the units digit of a?
8
What is the tens digit of 2367*((-4)/(-2) + -1)?
6
Suppose 2962 = -4*f + 9986. What is the tens digit of f?
5
Suppose -5*q + 1789 = -2*z, 0 = 5*q - z + 383 - 2175. What is the tens digit of q?
5
Suppose -12*i - 980 = -10016. What is the units digit of i?
3
Suppose -2*u + 7232 = -3*y, -2*y = -11*u + 14*u - 10861. What is the thousands digit of u?
3
Let w = 264 - 96. Suppose -4*n - 4*a + w = 0, 0*n + 4*a + 32 = n. What is the tens digit of n?
4
Let u be ((-20)/15)/((-2)/(-252)). Let h = -242 - u. Let o = h + 116. What is the units digit of o?
2
Let s(t) = t**3 + 2*t**2 + 2*t + 736. What is the tens digit of s(0)?
3
Let m = 690 + -118. What is the hundreds digit of m?
5
Suppose -2*p - 36 = 36. What is the units digit of (-6)/(p/(-678))*2/(-2)?
3
Let f(r) = r**2 - 6*r - 5. Let t be f(7). Let l be 3*4/(4/27). Suppose 0*z + 3 = z, -3*y = -t*z - l. What is the tens digit of y?
2
Suppose -4*z = 12, u + 4*z = 2*z - 3. Let g be (-174)/(-4)*4/2. Suppose u*w - 54 = g. What is the tens digit of w?
4
Suppose -24 = 4*k - 4*r, 4*k = -0*k - 2*r + 6. Let s be 121/22*(-1 + k). Let c = -2 - s. What is the units digit of c?
9
Let c(w) = -251*w + 337. What is the hundreds digit of c(-5)?
5
Suppose 2*q = 5*x - 128, -x + 2*q = -3*q - 44. Suppose 5*u + 45 = 4*j, -3*u = -4*j + 3*j + 6. Let v = x - j. What is the units digit of v?
9
What is the hundreds digit of 2972/6 + -3*2/18?
4
Let o(h) = 2*h + 8. Let i be o(6). Let z = i - 24. What is the units digit of 424/14 + z/14?
0
Let j = -10 + 16. Suppose 3*b - j*b - 2*q = -112, 2*q = 4. What is the tens digit of b?
3
Suppose -y + 6 - 1 = 0. Suppose c - y*i + 90 = -4*c, 5*c + 126 = -4*i. What is the tens digit of (-1)/((-8)/c)*-8?
2
Let v(o) = -28*o + 23. Let h be v(4). Let n = h + 176. What is the units digit of n?
7
Suppose 5*w = 6*w - 5, 0 = 3*p - 2*w - 1133. What is the tens digit of p?
8
Suppose -4*u - 3*o + 335 = 0, -5*u = -3*o - 0*o - 412. Let p = -41 + u. What is the units digit of 4/(-2) + p/2?
9
Suppose 5*r - 4*g - 1332 = 0, r - 2*r - 4*g + 252 = 0. What is the tens digit of r?
6
Let f = -343 + 606. What is the hundreds digit of f?
2
Let m = 108 - 156. What is the tens digit of (-808)/m - 2/(-12)?
1
Let h(v) = 23*v**2 + 14*v + 4. Let g be h(-4). Let y = g + -221. What is the tens digit of y?
9
Let j = 1012 + 200. What is the tens digit of j?
1
Suppose -19*v + 80 = -18*v. What is the units digit of (v/6)/(36/54)?
0
Let s = -2302 - -3631. What is the tens digit of s?
2
Suppose 10*v - 5*v = z + 8615, 3*v + z = 5169. What is the units digit of v?
3
Suppose x + 24 + 25 = -2*k, -28 = k - 3*x. What is the units digit of k/3*6/(-2)?
5
Suppose 4*m - 115 = -p, -m + 3*p = p - 31. Let l = -292 + 281. Let n = m - l. What is the units digit of n?
0
Let m(t) = t**3 + 10*t**2 + 4*t + 9. Let p be m(-9). Suppose p + 204 = 4*g - 5*s, -g - 2*s + 58 = 0. Let f = g - 42. What is the tens digit of f?
2
Let n = 11 + -31. Let r = -11 - n. Suppose -t - 3*g + 2 = -5*t, r = -t + 5*g. What is the units digit of t?
1
Let z(w) = 12*w - 7 - 3*w - 5. Let x = -10 + 15. What is the tens digit of z(x)?
3
Let z be (1/(-2))/(7/(-98)). What is the tens digit of (-2 - -4)/2*(162 + z)?
6
Let w = 123 - 589. What is the tens digit of ((-1)/2)/(4 + w/116)?
2
Suppose 4 = 5*w + 9, 3*w - 39 = -c. Suppose 5*h + 2 = c. What is the units digit of h?
8
What is the hundreds digit of -4 - (16/20)/((-4)/11620)?
3
Suppose 16*l - 8480 = 5312. What is the hundreds digit of l?
8
Let g(l) be the second derivative of -l**5/20 - 7*l**4/12 + 2*l**3/3 - 3*l**2 - 4*l. Let y be g(-7). What is the units digit of (y/(-3))/((-18)/(-27))?
7
Suppose 111 = -o - 3*a, 0 = -2*o - 6*a + a - 218. Let f = o - -140. Suppose 5*w = 6*w - s - f, -4*w = -3*s - 165. What is the tens digit of w?
4
Let z(q) = -11*q + 16. Let g(o) = -o + 1. Let v(a) = -2*g(a) - z(a). What is the tens digit of v(4)?
3
Suppose -4*w + 7*w - 60 = 0. Suppose 15 = 9*f - 6*f. Suppose 0*i + 46 = 2*b - 2*i, -f*i + w = 0. What is the units digit of b?
7
Let f = 28 + -25. Suppose 0*s - 3*j = s - 119, -521 = -4*s + f*j. What is the tens digit of s?
2
Let o = 765 - -4227. What is the thousands digit of o?
4
Suppose -29*z = -98112 + 37328. What is the tens digit of z?
9
Suppose -21*h = 22*h - 93697. What is the units digit of h?
9
Let v = 111 - -2730. What is the thousands digit of v?
2
Let m = 3949 - 2561. What is the tens digit of m?
8
Let c(a) be the second derivative of a**5/4 - a**4/4 + a**3/3 - a**2/2 - 6*a. Let q = 9 - 7. What is the units digit of c(q)?
1
Let j(u) = -u + 3. Let s be j(0). Suppose -2*l + d + s*d + 82 = 0, -l - 4*d = -41. What is the tens digit of l?
4
Let a = 29 + -18. Suppose -3*k = -k - 44. Let n = k - a. What is the units digit of n?
1
Suppose 1480 = 4*q + 5*u, -4*q = q - 5*u - 1805. What is the units digit of q?
5
What is the units digit of (-10 + -1)/((-4)/356)?
9
Let f be (-10 - -10)*(-1)/(-2). Suppose -j - a = -51, -5*j + f*a + 255 = -a. Suppose -2*v = -v - 3*w - j, 4*v = -3*w + 129. What is the units digit of v?
6
Let f be (-73)/(-4) - (1 - 0)/4. Suppose f = 2*b - 50. What is the tens digit of b?
3
Suppose -12*z - 10350 = -5*f - 8*z, 3*f + 2*z = 6232. What is the tens digit of f?
7
Suppose -4*j - 9 = -j, 8 = -2*p - 4*j. Let v(y) = 3*y**3 - 2*y. Let b be v(p). Let f = 47 - b. What is the units digit of f?
7
Let a be (-20710)/(-70) - 1/(-7). Suppose -9*n + a = -5*n. What is the tens digit of n?
7
Let g be 8/(-16) + (-7)/(-2). Suppose -g*t + 3*y = -2*t - 180, -4*t = 3*y - 660. What is the hundreds digit of t?
1
Suppose -2*d + 3*p + 4134 = 348, d + 5*p - 1867 = 0. What is the tens digit of d?
8
Suppose 5*v - 409 = -4*u - 138, -4*v = 5*u - 341. Let o = -9 - -13. Suppose o*m - u = m. What is the units digit of m?
3
Let d = -799 - -1279. What is the tens digit of d?
8
What is the tens digit of 146 + -4 + 3 + -1?
4
Let s(l) = -l**3 - 8*l**2 + 13*l + 8. What is the tens digit of s(-12)?
2
Suppose -5*m + a = -1922, -m + 3*m - 772 = 2*a. What is the hundreds digit of m?
3
Suppose -5*t = 5, 2*g - 103 = -13*t + 8*t